{"id":58,"date":"2024-10-08T11:34:21","date_gmt":"2024-10-08T09:34:21","guid":{"rendered":"https:\/\/www.cdrba.sk\/?page_id=58"},"modified":"2024-10-16T17:01:36","modified_gmt":"2024-10-16T15:01:36","slug":"volne-miesta","status":"publish","type":"page","link":"https:\/\/www.cdrba.sk\/?page_id=58","title":{"rendered":""},"content":{"rendered":"\n<div class=\"wp-block-group alignfull has-tertiary-background-color has-background has-global-padding is-layout-constrained wp-container-core-group-is-layout-9 wp-block-group-is-layout-constrained\" style=\"margin-top:0;margin-bottom:0;padding-top:var(--wp--preset--spacing--medium);padding-right:var(--wp--preset--spacing--medium);padding-bottom:var(--wp--preset--spacing--medium);padding-left:var(--wp--preset--spacing--medium)\">\n<div class=\"wp-block-columns alignwide are-vertically-aligned-center is-layout-flex wp-container-core-columns-is-layout-1 wp-block-columns-is-layout-flex\">\n<div class=\"wp-block-column is-vertically-aligned-center is-layout-flow wp-container-core-column-is-layout-1 wp-block-column-is-layout-flow\">\n<div class=\"wp-block-group is-layout-flow wp-block-group-is-layout-flow\">\n<div class=\"wp-block-group has-global-padding is-layout-constrained wp-container-core-group-is-layout-1 wp-block-group-is-layout-constrained\">\n<h2 class=\"wp-block-heading\">Aktu\u00e1lne vo\u013en\u00e9 pracovn\u00e9 miesta.<\/h2>\n\n\n\n<p>H\u013ead\u00e1me posily do n\u00e1\u0161ho odborn\u00e9ho t\u00edmu. Vyberte si z aktu\u00e1lne vo\u013en\u00fdch pracovn\u00fdch poz\u00edci\u00ed .<\/p>\n<\/div>\n\n\n\n<hr class=\"wp-block-separator has-text-color has-main-accent-color has-alpha-channel-opacity has-main-accent-background-color has-background is-style-separator-dotted\" style=\"margin-top:var(--wp--preset--spacing--large);margin-bottom:var(--wp--preset--spacing--large)\"\/>\n\n\n\n<div class=\"wp-block-group has-global-padding is-layout-constrained wp-block-group-is-layout-constrained\"><\/div>\n<\/div>\n<\/div>\n\n\n\n<div class=\"wp-block-column is-vertically-aligned-center is-layout-flow wp-container-core-column-is-layout-2 wp-block-column-is-layout-flow\">\n<div class=\"wp-block-group alignwide has-primary-background-color has-background has-global-padding is-layout-constrained wp-container-core-group-is-layout-8 wp-block-group-is-layout-constrained\" style=\"border-radius:5px;padding-top:var(--wp--preset--spacing--x-large);padding-right:var(--wp--preset--spacing--x-large);padding-bottom:var(--wp--preset--spacing--x-large);padding-left:var(--wp--preset--spacing--x-large)\">\n<div class=\"wp-block-group is-content-justification-space-between is-layout-flex wp-container-core-group-is-layout-4 wp-block-group-is-layout-flex\">\n<p class=\"has-base-color has-text-color has-medium-font-size\" style=\"font-style:normal;font-weight:600\">O n\u00e1s<\/p>\n<\/div>\n\n\n\n<div class=\"wp-block-group has-global-padding is-layout-constrained wp-block-group-is-layout-constrained\">\n<hr class=\"wp-block-separator has-text-color has-primary-accent-color has-alpha-channel-opacity has-primary-accent-background-color has-background is-style-separator-dotted\"\/>\n\n\n\n<div class=\"wp-block-group has-global-padding is-layout-constrained wp-container-core-group-is-layout-5 wp-block-group-is-layout-constrained\">\n<p class=\"has-base-color has-text-color\">Aby ste n\u00e1s spoznali bli\u017e\u0161ie, d\u00e1vame V\u00e1m do pozornosti aj ostatn\u00e9 sekcie na\u0161ej webstr\u00e1nky, kde n\u00e1jdete kde a ako pracujeme, nie\u010do o na\u0161ej hist\u00f3rii \u010di aktivit\u00e1ch.<\/p>\n<\/div>\n\n\n\n<div class=\"wp-block-group has-global-padding is-layout-constrained wp-container-core-group-is-layout-6 wp-block-group-is-layout-constrained\">\n<div class=\"wp-block-buttons is-layout-flex wp-block-buttons-is-layout-flex\">\n<div class=\"wp-block-button has-custom-width wp-block-button__width-100\"><a class=\"wp-block-button__link has-primary-color has-base-background-color has-text-color has-background wp-element-button\" href=\"https:\/\/www.cdrba.sk\/?page_id=68\">Pozrie\u0165 si<\/a><\/div>\n<\/div>\n<\/div>\n<\/div>\n<\/div>\n<\/div>\n<\/div>\n<\/div>\n\n\n\n<div class=\"wp-block-group alignfull feature-boxes has-global-padding is-layout-constrained wp-container-core-group-is-layout-17 wp-block-group-is-layout-constrained\" style=\"margin-top:0px;padding-top:var(--wp--preset--spacing--medium);padding-right:var(--wp--preset--spacing--medium);padding-bottom:var(--wp--preset--spacing--medium);padding-left:var(--wp--preset--spacing--medium)\">\n<div class=\"wp-block-group alignwide is-vertical is-layout-flex wp-container-core-group-is-layout-16 wp-block-group-is-layout-flex\">\n<div class=\"wp-block-columns alignwide is-layout-flex wp-container-core-columns-is-layout-2 wp-block-columns-is-layout-flex\" style=\"margin-top:0px;margin-bottom:0px\">\n<div class=\"wp-block-column is-style-default has-tertiary-background-color has-background is-layout-flow wp-container-core-column-is-layout-3 wp-block-column-is-layout-flow\" style=\"padding-top:var(--wp--preset--spacing--medium);padding-right:var(--wp--preset--spacing--medium);padding-bottom:var(--wp--preset--spacing--medium);padding-left:var(--wp--preset--spacing--medium)\">\n<div class=\"wp-block-group is-vertical is-content-justification-stretch is-layout-flex wp-container-core-group-is-layout-12 wp-block-group-is-layout-flex\" style=\"min-height:100%\">\n<div class=\"wp-block-group has-global-padding is-layout-constrained wp-container-core-group-is-layout-10 wp-block-group-is-layout-constrained\" style=\"min-height:px\">\n<p class=\"has-base-font-size\" style=\"font-style:normal;font-weight:600\">Psychol\u00f3g<\/p>\n\n\n\n<p class=\"has-small-font-size\">zamestnanec pri v\u00fdkone pr\u00e1ce vo verejnom z\u00e1ujme v r\u00e1mci N\u00e1rodn\u00e9ho projektu, vo funkcii Psychol\u00f3g \u2013 ambulantn\u00e1 alebo ter\u00e9nna forma<\/p>\n\n\n\n<p class=\"has-small-font-size\"><\/p>\n<\/div>\n\n\n\n<div class=\"wp-block-group has-global-padding is-layout-constrained wp-container-core-group-is-layout-11 wp-block-group-is-layout-constrained\" style=\"min-height:px\">\n<hr class=\"wp-block-separator has-text-color has-main-accent-color has-alpha-channel-opacity has-main-accent-background-color has-background is-style-separator-dotted\"\/>\n\n\n\n<p class=\"has-primary-color has-text-color has-link-color has-small-font-size wp-elements-c5d93bbbbc8c31961e9f9f74e81f03f6\" style=\"text-decoration:underline\"><a href=\"https:\/\/www.cdrba.sk\/wp-content\/uploads\/2024\/10\/Oznamenie_Psycholog_terenny_a_ambulantny_AUGUST2024.pdf\" target=\"_blank\" rel=\"noreferrer noopener\">\u010c\u00edta\u0165 viac<\/a><\/p>\n<\/div>\n<\/div>\n<\/div>\n\n\n\n<div class=\"wp-block-column is-style-default has-tertiary-background-color has-background is-layout-flow wp-container-core-column-is-layout-4 wp-block-column-is-layout-flow\" style=\"padding-top:var(--wp--preset--spacing--medium);padding-right:var(--wp--preset--spacing--medium);padding-bottom:var(--wp--preset--spacing--medium);padding-left:var(--wp--preset--spacing--medium)\">\n<div class=\"wp-block-group is-vertical is-content-justification-stretch is-layout-flex wp-container-core-group-is-layout-15 wp-block-group-is-layout-flex\" style=\"min-height:100%\">\n<div class=\"wp-block-group has-global-padding is-layout-constrained wp-container-core-group-is-layout-13 wp-block-group-is-layout-constrained\" style=\"min-height:px\">\n<p class=\"has-base-font-size\" style=\"font-style:normal;font-weight:600\">Pomocn\u00e1 vychov\u00e1vate\u013eka<\/p>\n\n\n\n<p class=\"has-small-font-size\">Zabezpe\u010denie chodu samostatnej usporiadanej skupiny s 8-9 de\u0165mi, starostlivos\u0165 o dom\u00e1cnos\u0165, varenie, nakupovanie, pr\u00e1ca v programe \u0160kolsk\u00e1 jed\u00e1le\u0148, n\u00e1v\u0161teva lek\u00e1rov, sprev\u00e1dzanie do a zo \u0161k\u00f4l, v\u00fdchova det\u00ed k sebaobsluhe a pomoci v dom\u00e1cnosti, vedenie det\u00ed k samostatnosti.<\/p>\n<\/div>\n\n\n\n<div class=\"wp-block-group has-global-padding is-layout-constrained wp-container-core-group-is-layout-14 wp-block-group-is-layout-constrained\" style=\"min-height:px\">\n<hr class=\"wp-block-separator has-text-color has-main-accent-color has-alpha-channel-opacity has-main-accent-background-color has-background is-style-separator-dotted\"\/>\n\n\n\n<p class=\"has-primary-color has-text-color has-link-color has-small-font-size wp-elements-667a819431f314c07bb9c70f27aad44f\" style=\"text-decoration:underline\"><a href=\"https:\/\/www.profesia.sk\/praca\/centrum-pre-deti-a-rodiny-bratislava-ucitelska\/O4921405\" target=\"_blank\" rel=\"noreferrer noopener\">\u010c\u00edta\u0165 viac<\/a><\/p>\n<\/div>\n<\/div>\n<\/div>\n<\/div>\n<\/div>\n<\/div>\n\n\n\n<p><\/p>\n","protected":false},"excerpt":{"rendered":"<p>Aktu\u00e1lne vo\u013en\u00e9 pracovn\u00e9 miesta. H\u013ead\u00e1me posily do n\u00e1\u0161ho odborn\u00e9ho t\u00edmu. Vyberte si z aktu\u00e1lne vo\u013en\u00fdch pracovn\u00fdch poz\u00edci\u00ed . O n\u00e1s Aby ste n\u00e1s spoznali bli\u017e\u0161ie, d\u00e1vame V\u00e1m do pozornosti aj ostatn\u00e9 sekcie na\u0161ej webstr\u00e1nky, kde n\u00e1jdete kde a ako pracujeme, nie\u010do o na\u0161ej hist\u00f3rii \u010di aktivit\u00e1ch. Psychol\u00f3g zamestnanec pri v\u00fdkone pr\u00e1ce vo verejnom z\u00e1ujme v [&hellip;]<\/p>\n","protected":false},"author":1,"featured_media":0,"parent":0,"menu_order":0,"comment_status":"closed","ping_status":"closed","template":"","meta":{"footnotes":""},"class_list":["post-58","page","type-page","status-publish","hentry"],"_links":{"self":[{"href":"https:\/\/www.cdrba.sk\/index.php?rest_route=\/wp\/v2\/pages\/58"}],"collection":[{"href":"https:\/\/www.cdrba.sk\/index.php?rest_route=\/wp\/v2\/pages"}],"about":[{"href":"https:\/\/www.cdrba.sk\/index.php?rest_route=\/wp\/v2\/types\/page"}],"author":[{"embeddable":true,"href":"https:\/\/www.cdrba.sk\/index.php?rest_route=\/wp\/v2\/users\/1"}],"replies":[{"embeddable":true,"href":"https:\/\/www.cdrba.sk\/index.php?rest_route=%2Fwp%2Fv2%2Fcomments&post=58"}],"version-history":[{"count":6,"href":"https:\/\/www.cdrba.sk\/index.php?rest_route=\/wp\/v2\/pages\/58\/revisions"}],"predecessor-version":[{"id":225,"href":"https:\/\/www.cdrba.sk\/index.php?rest_route=\/wp\/v2\/pages\/58\/revisions\/225"}],"wp:attachment":[{"href":"https:\/\/www.cdrba.sk\/index.php?rest_route=%2Fwp%2Fv2%2Fmedia&parent=58"}],"curies":[{"name":"wp","href":"https:\/\/api.w.org\/{rel}","templated":true}]}}

<div class="wp-block-group alignfull has-tertiary-background-color has-background has-global-padding is-layout-constrained wp-container-core-group-is-layout-9 wp-block-group-is-layout-constrained" style="margin-top:0;margin-bottom:0;padding-top:var(--wp--preset--spacing--medium);padding-right:var(--wp--preset--spacing--medium);padding-bottom:var(--wp--preset--spacing--medium);padding-left:var(--wp--preset--spacing--medium)">
<div class="wp-block-columns alignwide are-vertically-aligned-center is-layout-flex wp-container-core-columns-is-layout-1 wp-block-columns-is-layout-flex">
<div class="wp-block-column is-vertically-aligned-center is-layout-flow wp-container-core-column-is-layout-1 wp-block-column-is-layout-flow">
<div class="wp-block-group is-layout-flow wp-block-group-is-layout-flow">
<div class="wp-block-group has-global-padding is-layout-constrained wp-container-core-group-is-layout-1 wp-block-group-is-layout-constrained">
<h2 class="wp-block-heading">Aktuálne voľné pracovné miesta.</h2>



<p>Hľadáme posily do nášho odborného tímu. Vyberte si z aktuálne voľných pracovných pozícií .</p>
</div>



<hr class="wp-block-separator has-text-color has-main-accent-color has-alpha-channel-opacity has-main-accent-background-color has-background is-style-separator-dotted" style="margin-top:var(--wp--preset--spacing--large);margin-bottom:var(--wp--preset--spacing--large)"/>



<div class="wp-block-group has-global-padding is-layout-constrained wp-block-group-is-layout-constrained"></div>
</div>
</div>



<div class="wp-block-column is-vertically-aligned-center is-layout-flow wp-container-core-column-is-layout-2 wp-block-column-is-layout-flow">
<div class="wp-block-group alignwide has-primary-background-color has-background has-global-padding is-layout-constrained wp-container-core-group-is-layout-8 wp-block-group-is-layout-constrained" style="border-radius:5px;padding-top:var(--wp--preset--spacing--x-large);padding-right:var(--wp--preset--spacing--x-large);padding-bottom:var(--wp--preset--spacing--x-large);padding-left:var(--wp--preset--spacing--x-large)">
<div class="wp-block-group is-content-justification-space-between is-layout-flex wp-container-core-group-is-layout-4 wp-block-group-is-layout-flex">
<p class="has-base-color has-text-color has-medium-font-size" style="font-style:normal;font-weight:600">O nás</p>
</div>



<div class="wp-block-group has-global-padding is-layout-constrained wp-block-group-is-layout-constrained">
<hr class="wp-block-separator has-text-color has-primary-accent-color has-alpha-channel-opacity has-primary-accent-background-color has-background is-style-separator-dotted"/>



<div class="wp-block-group has-global-padding is-layout-constrained wp-container-core-group-is-layout-5 wp-block-group-is-layout-constrained">
<p class="has-base-color has-text-color">Aby ste nás spoznali bližšie, dávame Vám do pozornosti aj ostatné sekcie našej webstránky, kde nájdete kde a ako pracujeme, niečo o našej histórii či aktivitách.</p>
</div>



<div class="wp-block-group has-global-padding is-layout-constrained wp-container-core-group-is-layout-6 wp-block-group-is-layout-constrained">
<div class="wp-block-buttons is-layout-flex wp-block-buttons-is-layout-flex">
<div class="wp-block-button has-custom-width wp-block-button__width-100"><a class="wp-block-button__link has-primary-color has-base-background-color has-text-color has-background wp-element-button" href="https://www.cdrba.sk/?page_id=68">Pozrieť si</a></div>
</div>
</div>
</div>
</div>
</div>
</div>
</div>



<div class="wp-block-group alignfull feature-boxes has-global-padding is-layout-constrained wp-container-core-group-is-layout-17 wp-block-group-is-layout-constrained" style="margin-top:0px;padding-top:var(--wp--preset--spacing--medium);padding-right:var(--wp--preset--spacing--medium);padding-bottom:var(--wp--preset--spacing--medium);padding-left:var(--wp--preset--spacing--medium)">
<div class="wp-block-group alignwide is-vertical is-layout-flex wp-container-core-group-is-layout-16 wp-block-group-is-layout-flex">
<div class="wp-block-columns alignwide is-layout-flex wp-container-core-columns-is-layout-2 wp-block-columns-is-layout-flex" style="margin-top:0px;margin-bottom:0px">
<div class="wp-block-column is-style-default has-tertiary-background-color has-background is-layout-flow wp-container-core-column-is-layout-3 wp-block-column-is-layout-flow" style="padding-top:var(--wp--preset--spacing--medium);padding-right:var(--wp--preset--spacing--medium);padding-bottom:var(--wp--preset--spacing--medium);padding-left:var(--wp--preset--spacing--medium)">
<div class="wp-block-group is-vertical is-content-justification-stretch is-layout-flex wp-container-core-group-is-layout-12 wp-block-group-is-layout-flex" style="min-height:100%">
<div class="wp-block-group has-global-padding is-layout-constrained wp-container-core-group-is-layout-10 wp-block-group-is-layout-constrained" style="min-height:px">
<p class="has-base-font-size" style="font-style:normal;font-weight:600">Psychológ</p>



<p class="has-small-font-size">zamestnanec pri výkone práce vo verejnom záujme v rámci Národného projektu, vo funkcii Psychológ – ambulantná alebo terénna forma</p>



<p class="has-small-font-size"></p>
</div>



<div class="wp-block-group has-global-padding is-layout-constrained wp-container-core-group-is-layout-11 wp-block-group-is-layout-constrained" style="min-height:px">
<hr class="wp-block-separator has-text-color has-main-accent-color has-alpha-channel-opacity has-main-accent-background-color has-background is-style-separator-dotted"/>



<p class="has-primary-color has-text-color has-link-color has-small-font-size wp-elements-c5d93bbbbc8c31961e9f9f74e81f03f6" style="text-decoration:underline"><a href="https://www.cdrba.sk/wp-content/uploads/2024/10/Oznamenie_Psycholog_terenny_a_ambulantny_AUGUST2024.pdf" target="_blank" rel="noreferrer noopener">Čítať viac</a></p>
</div>
</div>
</div>



<div class="wp-block-column is-style-default has-tertiary-background-color has-background is-layout-flow wp-container-core-column-is-layout-4 wp-block-column-is-layout-flow" style="padding-top:var(--wp--preset--spacing--medium);padding-right:var(--wp--preset--spacing--medium);padding-bottom:var(--wp--preset--spacing--medium);padding-left:var(--wp--preset--spacing--medium)">
<div class="wp-block-group is-vertical is-content-justification-stretch is-layout-flex wp-container-core-group-is-layout-15 wp-block-group-is-layout-flex" style="min-height:100%">
<div class="wp-block-group has-global-padding is-layout-constrained wp-container-core-group-is-layout-13 wp-block-group-is-layout-constrained" style="min-height:px">
<p class="has-base-font-size" style="font-style:normal;font-weight:600">Pomocná vychovávateľka</p>



<p class="has-small-font-size">Zabezpečenie chodu samostatnej usporiadanej skupiny s 8-9 deťmi, starostlivosť o domácnosť, varenie, nakupovanie, práca v programe Školská jedáleň, návšteva lekárov, sprevádzanie do a zo škôl, výchova detí k sebaobsluhe a pomoci v domácnosti, vedenie detí k samostatnosti.</p>
</div>



<div class="wp-block-group has-global-padding is-layout-constrained wp-container-core-group-is-layout-14 wp-block-group-is-layout-constrained" style="min-height:px">
<hr class="wp-block-separator has-text-color has-main-accent-color has-alpha-channel-opacity has-main-accent-background-color has-background is-style-separator-dotted"/>



<p class="has-primary-color has-text-color has-link-color has-small-font-size wp-elements-667a819431f314c07bb9c70f27aad44f" style="text-decoration:underline"><a href="https://www.profesia.sk/praca/centrum-pre-deti-a-rodiny-bratislava-ucitelska/O4921405" target="_blank" rel="noreferrer noopener">Čítať viac</a></p>
</div>
</div>
</div>
</div>
</div>
</div>



<p></p>

<p>Aktuálne voľné pracovné miesta. Hľadáme posily do nášho odborného tímu. Vyberte si z aktuálne voľných pracovných pozícií . O nás Aby ste nás spoznali bližšie, dávame Vám do pozornosti aj ostatné sekcie našej webstránky, kde nájdete kde a ako pracujeme, niečo o našej histórii či aktivitách. Psychológ zamestnanec pri výkone práce vo verejnom záujme v [&hellip;]</p>
